ppose 5*w = 4*p + 2748, 5*w + 7*p - d*p = 2730. List the prime factors of w.
2, 137
Let c = 11 + -43. What are the prime factors of 21/63 - c/3*43?
3, 17
Let m(b) = -b**2 + 25*b - 11. Suppose -12*c = -17*c + 95. Suppose 2*u = -5 + c. What are the prime factors of m(u)?
5, 23
Let h = 28045 + -15000. List the prime factors of h.
5, 2609
Let a = 53486 - 32300. What are the prime factors of a?
2, 3, 11, 107
Suppose 0 = -5*n + 20, 21164 = 4*b - 3*n. List the prime factors of b.
2, 2647
Let z(v) = 284*v + 17. Let h be z(2). Suppose -h = -2*m + k, k - 3 = -4. List the prime factors of m.
2, 73
Suppose 0 = 6*i - 264 - 96. Let m = i + 24. Let q = m + -66. What are the prime factors of q?
2, 3
What are the prime factors of (((-9)/16)/(2/(-8)))/((-450)/(-984000))?
2, 3, 5, 41
Suppose 13*u - 17*u - 940 = -4*f, -5*f - 4*u + 1166 = 0. What are the prime factors of f?
2, 3, 13
Let z be (21/15)/(19/1995). Suppose -152*d + 2160 = -z*d. List the prime factors of d.
2, 3
Suppose -s = -5*v + 107271, -226*v + 229*v - 64367 = 5*s. What are the prime factors of v?
2, 17, 631
Suppose 0 = -a, a = 34*q - 29*q - 213185. List the prime factors of q.
7, 6091
Let q(y) = 111*y - 126. Let r be q(32). Suppose -r = 62*l - 65*l. What are the prime factors of l?
2, 571
Let p(j) = 16*j - 6. Let z be p(-8). List the prime factors of (4 - 3) + -2 - z.
7, 19
Let w(h) = -h**3 + 17*h**2 - 17*h + 18. Let y be w(16). Suppose m = 0, l + y*m = -2*m + 76. Let v = 7 + l. List the prime factors of v.
83
Let r be (-6)/(-4)*(57/(-9) - -9). Suppose r*c - 217 = 1467. List the prime factors of c.
421
Let y(q) = q**3 + 36*q**2 + 31*q + 49. What are the prime factors of y(-29)?
3, 23, 73
Suppose 2*f + 4 = f - 5*z, 3*f - 4*z = 64. Let u(d) = d**2 - 5*d - 35. List the prime factors of u(f).
3, 47
Let n(t) = 277*t**3 - 28*t**2 + 87*t + 11. List the prime factors of n(3).
7499
Let i(f) = 5*f**2 - 794*f - 3. List the prime factors of i(-9).
2, 3, 17, 37
Let i be 3*(8 - (-25)/(-3)). List the prime factors of i + 241 + (6 - 7).
239
Suppose -4*a + 15184 = -3*x, -4*a - 5*x + 12109 = -3075. Suppose -2*n - 5*f + 3808 = 0, 2*n + f = -f + a. What are the prime factors of n?
2, 947
Suppose -31374*u + 31412*u - 1012358 = 0. What are the prime factors of u?
26641
Suppose 0 = -11*m + 240 + 178. List the prime factors of (-144)/(-18)*m/8.
2, 19
Let a be 6 - (11 - 15/(-5)). What are the prime factors of -4 + 297/6 - 4/a?
2, 23
Let j be 1*(33387/9 - (-4)/(-6)). Suppose 5*o - 4*t = 2948 + j, -5*t + 10 = 0. What are the prime factors of o?
31, 43
Suppose -28*y = -2*y - 35048. Let k = y + -776. List the prime factors of k.
2, 11, 13
Let n be ((-204)/10)/(37/20 - 2). Let z(a) = -a**3 - a**2 + a + 4. Let u be z(3). Let l = n + u. What are the prime factors of l?
107
Let c = 4148 + 2978. What are the prime factors of c?
2, 7, 509
What are the prime factors of 26/(-10 + 23)*15852?
2, 3, 1321
Let c(d) be the first derivative of 187*d**2/2 - 6*d + 182. What are the prime factors of c(6)?
2, 3, 31
Let k = 460 - 1357. Let v = k + 1540. List the prime factors of v.
643
Suppose 7 = 5*k - 4*j, -k + 0*j - 3*j - 10 = 0. Let d be k/(-3) - (5 - (-116)/(-12)). Suppose -86 - 284 = -d*t. List the prime factors of t.
2, 37
Suppose 12 = r - 7*r. Let c be r/2*160/(-20). Suppose 2*b + 552 = c*b. List the prime factors of b.
2, 23
What are the prime factors of (-204)/(-51)*(3 - -1560)?
2, 3, 521
Let f = 328 + 1176. List the prime factors of f.
2, 47
Suppose 2*x = -3*w + 9345, 3*x + 285 = 294. List the prime factors of w.
11, 283
Let h(k) = 32*k + 222. Let s be h(-6). Suppose -s*l = -32*l + p + 859, 0 = 4*l + 5*p - 1753. List the prime factors of l.
2, 3
Let u be -5 + 84/18 + 4/3. What are the prime factors of (-36)/(-9) + 555/u?
13, 43
Let o be (-164)/3*6/(-4). Suppose 36348*q = 36335*q + 377. Let l = o + q. List the prime factors of l.
3, 37
Let s be (13 - 6)/7 + 32*1. Let o be -4*(-6)/36*s. Suppose -387 = -31*r + o*r. List the prime factors of r.
43
Let f(m) = m**3 - 8*m**2 + 21*m + 3. Let a(r) = -7*r**2 + 17*r + 1. Let x be a(2). What are the prime factors of f(x)?
101
Suppose 4*h - 87*u = -82*u + 186294, 232887 = 5*h - 3*u. List the prime factors of h.
3, 15527
Let r = 18174 - -17544. What are the prime factors of r?
2, 3, 5953
Let g = 736 - 453. Let z = g - 190. Suppose 8*r - z = 19. What are the prime factors of r?
2, 7
Let s(g) = -2*g**3 - 3*g**2 + 6*g + 15. Let k be s(-2). Suppose -2 = -2*a, -k*v = -8*v + 3*a + 197. What are the prime factors of v?
2, 5
Suppose 65200 = 4892*w - 4884*w. What are the prime factors of w?
2, 5, 163
Let m(d) = 57*d**2 + 4*d + 434. What are the prime factors of m(13)?
3, 3373
What are the prime factors of (-19)/(380/(-120)) - -41596?
2, 11, 31, 61
Let g = 11932 - -25948. List the prime factors of g.
2, 5, 947
Let h = -698 - -699. Let j = 305 - 173. List the prime factors of (2 + h - 2) + j.
7, 19
What are the prime factors of (-13 + (-71530)/20)/((-6)/8)?
2, 2393
Let a = 1283 - -51346. What are the prime factors of a?
3, 53, 331
Suppose -2*n + 2 = -5*a, 3*n + a + 3*a = 49. What are the prime factors of 530*n/(-22)*4/(-10)?
2, 53
Suppose 101*d + 6 = 102*d. What are the prime factors of -6 - ((-65)/15)/(d/2196)?
2, 5, 79
Let m = 1135 + -71. Suppose -m + 427 = -7*w. List the prime factors of w.
7, 13
Let y(u) = 2*u + 33. Let t be y(-14). List the prime factors of (3 + (3*-305)/t)/(-1).
2, 3, 5
Suppose 5*r - 3*w - 5504 = 0, -16*w + 11*w = -r + 1114. What are the prime factors of r?
7, 157
Suppose -3*b + 4*b = 7*b - 53988. List the prime factors of b.
2, 11, 409
Let h(y) = 2*y**2 + 110. Suppose 0 = 6*v - 11*v. What are the prime factors of h(v)?
2, 5, 11
Let h be (2/(-1) + 1)*(11 - 11). Suppose h = -112*y + 115*y - 1188. List the prime factors of y.
2, 3, 11
Let o be (40/15)/((-4)/(-6)). Suppose 0 = -o*u + 7 - 39. List the prime factors of (-2)/(u/618) + 4/(-8).
2, 7, 11
Let w = -17384 + 17391. Let l be 22316/18 + (-8)/(-36). Suppose w*p = 2*p + l. List the prime factors of p.
2, 31
Let v be (-9)/((-72)/(-16)) + -151. Let t = 766 + v. List the prime factors of t.
613
Suppose 0 = u + 4 - 7. Suppose u*p = q + 44, 0*q + 2 = 2*q. What are the prime factors of (96/14)/(-2 - p/(-7))?
2, 3
Let p(v) = 6*v**3 + v**2 + 9*v - 33. Let r(c) = 2*c**3 + 3*c - 11. Let k(j) = -2*p(j) + 7*r(j). List the prime factors of k(4).
97
Suppose -4*g + 1551 = -3625. Suppose 2*h = 3*v + 863, 3*h - g = 4*v + 2. List the prime factors of h.
2, 109
List the prime factors of (9/36*12)/(18/48882).
8147
Let o(i) = 6*i - 15 + 0*i + 17*i**2 - 10*i**2 + 0*i. List the prime factors of o(-12).
3, 307
Suppose 1452*f - 1459*f - 371 = 0. Let x(i) = -i**2 - 68*i + 126. What are the prime factors of x(f)?
3, 307
Let k = -839 + 1197. Let b = k + -131. List the prime factors of b.
227
Let l(c) = c**2 + 11*c - 18. Let j be l(-26). Suppose 74 = -2*x - j. What are the prime factors of 9/(-12) - x*(-1)/(-4)?
5, 11
What are the prime factors of 3/15 - (-1575561)/195?
2, 5, 101
Let o be (2 - -8) + -3 + -3. Let c = o + -6. What are the prime factors of c + ((-4)/8*-6 - -105)?
2, 53
Let w(p) = -2*p - 19. Let x be w(-11). Suppose -x*y - 4*h = -772, -4*y + 6*h - 11*h + 1031 = 0. List the prime factors of y.
2, 3, 11
Let q(i) = -i**2 - 7*i - 9. Suppose -5*m + 5*y - 35 = 0, m + m = 3*y - 15. Let g be q(m). What are the prime factors of g + (2336/(3 - -1))/2?
17
Let j(o) = -74*o + 1603. List the prime factors of j(-40).
3, 13
Let x(r) be the third derivative of 3*r**4/8 + 35*r**3/6 + 27*r**2 - 2. What are the prime factors of x(11)?
2, 67
Let t be (7/(-6))/(1*7/(-42)). Let b(w) = w**3 + w**2 - 15*w + 171. List the prime factors of b(t).
2, 229
Suppose -24*r + 57 = 9. Suppose -58 - 94 = -r*j. List the prime factors of j.
2, 19
Suppose -5*k + 45879 = 3*m, 15315 = -0*m + m - 2*k. What are the prime factors of m?
3, 5101
Let a(w) = 5*w + 51. Let s be a(-9). Suppose -8*b - s*b = -5404. What are the prime factors of b?
2, 193
Suppose 642 = 28*a - 30. What are the prime factors of (a/7)/((-3531)/(-504) - 7)?
2, 3
Suppose 5*d - 5*l = 23010, -4*l = 3*d - 2*l - 13796. List the prime factors of d.
2, 5, 23
Let g(u) = -2 + 2*u**2 - 19*u - 4*u - 3. What are the prime factors of g(24)?
5, 7, 17
Let a = -213 - -365. Suppose 0 = 6*u + a - 926. What are the prime factors of u?
3, 43